
89
What is the greatest common divisor of 84 and 273?
21
Calculate the greatest common divisor of 2108 and 31.
31
What is the highest common factor of 37 and 296?
37
What is the highest common factor of 6 and 16998?
6
What is the greatest common factor of 56 and 900?
4
What is the greatest common divisor of 438 and 33?
3
What is the greatest common divisor of 3614 and 26?
26
What is the greatest common divisor of 18 and 1539?
9
Calculate the greatest common divisor of 2291 and 237.
79
Calculate the greatest common factor of 1100 and 572.
44
Calculate the greatest common divisor of 97 and 5917.
97
What is the greatest common factor of 1970 and 11426?
394
What is the greatest common factor of 495 and 198?
99
What is the greatest common factor of 188 and 3478?
94
Calculate the greatest common factor of 220 and 154.
22
Calculate the greatest common factor of 272 and 64.
16
What is the highest common factor of 20381 and 89?
89
Calculate the highest common divisor of 221 and 429.
13
Calculate the greatest common factor of 6214 and 52.
26
What is the greatest common factor of 325 and 25?
25
Calculate the greatest common divisor of 32547 and 57.
57
Calculate the greatest common factor of 9 and 18.
9
Calculate the greatest common factor of 697 and 17.
17
What is the greatest common factor of 504 and 1806?
42
What is the greatest common factor of 741 and 2793?
57
What is the greatest common factor of 220 and 11836?
44
Calculate the greatest common factor of 21 and 1190.
7
Calculate the highest common divisor of 16 and 3448.
8
Calculate the highest common divisor of 24 and 1704.
24
What is the greatest common divisor of 700 and 28?
28
What is the highest common factor of 35 and 50?
5
What is the greatest common divisor of 833 and 49?
49
Calculate the highest common divisor of 4402 and 426.
142
What is the highest common factor of 488 and 16?
8
Calculate the greatest common factor of 44 and 143.
11
What is the highest common divisor of 123 and 7831?
41
What is the highest common factor of 150 and 2130?
30
What is the greatest common divisor of 10 and 35?
5
Calculate the highest common factor of 9744 and 168.
168
What is the highest common divisor of 332 and 1079?
83
What is the greatest common divisor of 22466 and 239?
239
Calculate the greatest common divisor of 28 and 1204.
28
What is the highest common factor of 84 and 868?
28
What is the greatest common divisor of 90 and 5085?
45
Calculate the greatest common factor of 9 and 2625.
3
What is the greatest common divisor of 29 and 116?
29
What is the highest common divisor of 198 and 1034?
22
Calculate the highest common divisor of 731 and 215.
43
Calculate the highest common divisor of 144 and 2.
2
Calculate the greatest common factor of 112 and 182.
14
Calculate the greatest common divisor of 24336 and 24.
24
Calculate the highest common divisor of 276 and 368.
92
What is the highest common divisor of 3825 and 1125?
225
What is the greatest common divisor of 5 and 1115?
5
Calculate the highest common factor of 9 and 12249.
9
What is the highest common divisor of 28 and 29470?
14
Calculate the highest common divisor of 2522 and 26.
26
What is the highest common divisor of 774 and 18?
18
Calculate the highest common factor of 33310 and 40.
10
What is the greatest common divisor of 832 and 39?
13
Calculate the highest common factor of 378 and 216.
54
Calculate the highest common factor of 100 and 120.
20
Calculate the highest common divisor of 4 and 76.
4
Calculate the highest common factor of 31770 and 90.
90
Calculate the greatest common divisor of 268 and 603.
67
Calculate the highest common factor of 79 and 2212.
79
Calculate the greatest common divisor of 414 and 36.
18
What is the greatest common divisor of 30 and 2490?
30
What is the greatest common divisor of 4140 and 115?
115
Calculate the highest common factor of 310 and 1090.
10
What is the greatest common factor of 54 and 243?
27
What is the greatest common divisor of 13642 and 38?
38
What is the greatest common factor of 54 and 432?
54
Calculate the highest common factor of 2716 and 266.
14
Calculate the greatest common factor of 97 and 9797.
97
Calculate the greatest common divisor of 180 and 585.
45
What is the greatest common divisor of 17 and 391?
17
What is the greatest common divisor of 270 and 9?
9
What is the highest common factor of 176 and 616?
88
Calculate the greatest common divisor of 50 and 1350.
50
Calculate the highest common divisor of 81 and 45.
9
What is the highest common divisor of 174 and 12?
6
Calculate the greatest common divisor of 13 and 689.
13
What is the highest common divisor of 624 and 2784?
48
Calculate the greatest common divisor of 90 and 18.
18
What is the greatest common divisor of 182 and 208?
26
What is the greatest common factor of 954 and 18?
18
Calculate the greatest common factor of 2592 and 96.
96
What is the highest common divisor of 96 and 46?
2
Calculate the greatest common factor of 90 and 1287.
9
Calculate the greatest common divisor of 1800 and 435.
15
What is the greatest common factor of 2079 and 385?
77
Calculate the greatest common factor of 2 and 5300.
2
What is the greatest common factor of 49 and 3479?
49
Calculate the highest common factor of 85 and 55.
5
What is the greatest common factor of 296 and 104?
8
Calculate the greatest common factor of 777 and 168.
21
Calculate the greatest common divisor of 63 and 504.
63
What is the greatest common divisor of 75 and 1775?
25
Calculate the highest common factor of 680 and 40.
40
What is the greatest common factor of 2 and 382?
2
What is the greatest common divisor of 5 and 75?
5
What is the greatest common factor of 256 and 112?
16
Calculate the highest common factor of 9 and 3447.
9
What is the greatest common factor of 213 and 3976?
71
What is the highest common divisor of 432 and 6444?
36
What is the highest common factor of 5859 and 14?
7
What is the highest common factor of 124 and 11036?
124
Calculate the highest common factor of 196 and 4067.
49
Calculate the greatest common factor of 690 and 10.
10
What is the highest common divisor of 2006 and 170?
34
What is the highest common divisor of 112 and 49?
7
What is the highest common divisor of 106 and 371?
53
Calculate the highest common divisor of 33 and 35013.
33
What is the greatest common factor of 3340 and 20?
20
What is the highest common factor of 10375 and 250?
125
Calculate the highest common divisor of 26873 and 77.
77
Calculate the highest common factor of 395 and 80.
5
What is the highest common divisor of 28 and 140?
28
Calculate the greatest common factor of 672 and 21.
21
Calculate the greatest common factor of 14605 and 345.
115
Calculate the highest common divisor of 217 and 2573.
31
Calculate the highest common factor of 438 and 511.
73
Calculate the highest common divisor of 28 and 1036.
28
What is the highest common divisor of 86 and 559?
43
What is the greatest common divisor of 65 and 104?
13
Calculate the greatest common factor of 364 and 70.
14
What is the highest common divisor of 155 and 31?
31
Calculate the highest common divisor of 9 and 87.
3
Calculate the highest common factor of 27 and 864.
27
Calculate the highest common factor of 333 and 1887.
111
Calculate the greatest common divisor of 300 and 420.
60
Calculate the greatest common factor of 68 and 153.
17
Calculate the highest common factor of 195 and 104.
13
What is the highest common factor of 532 and 152?
76
Calculate the greatest common factor of 70506 and 18.
18
Calculate the greatest common divisor of 224 and 32.
32
What is the highest common factor of 1649 and 1?
1
What is the greatest common factor of 208 and 130?
26
What is the highest common factor of 82 and 533?
41
Calculate the greatest common factor of 840 and 350.
70
Calculate the greatest common divisor of 333 and 45.
9
What is the highest common divisor of 2 and 162?
2
What is the greatest common divisor of 1092 and 390?
78
What is the highest common divisor of 48 and 84?
12
What is the highest common divisor of 2997 and 81?
81
What is the greatest common factor of 165 and 2992?
11
What is the greatest common factor of 380 and 456?
76
What is the highest common factor of 1536 and 48?
48
Calculate the highest common factor of 999 a